 122755. Give t(-8).
35
Let d(w) = -w**3 + 82*w**2 - 1563*w - 768. What is d(51)?
150
Let a(s) = -2*s**3 + 24*s**2 - 20*s + 800. What is a(14)?
-264
Let j(c) = -24*c**2 + 945*c + 5943. What is j(-6)?
-591
Let k(i) = -9637*i - 915497. What is k(-95)?
18
Let l(t) = -2*t**2 + 8284*t + 116370. Give l(-14).
2
Let o(n) = -n**3 + 228*n**2 + 442*n + 57836. Give o(231).
-145
Let n(p) = -p**3 - 83*p**2 - 682*p + 260. What is n(-74)?
1444
Let l(z) = 24*z**2 + 303*z - 100. What is l(-15)?
755
Let l(z) = 44*z**3 + 3*z**2 - 133*z - 137. Calculate l(-1).
-45
Let o(j) = -2459*j + 408185. Determine o(166).
-9
Let u(g) = 4*g**3 + 467*g**2 + 330*g - 2056. Calculate u(-116).
32
Let m(w) = -3*w**2 - 12265*w + 61406. What is m(5)?
6
Let n(t) = -2*t**3 - 141*t**2 + 16248*t + 1582. Determine n(-132).
-2
Let f(p) = 453*p - 28668. Determine f(61).
-1035
Let s(c) = 24*c**2 - 570*c + 3335. Give s(14).
59
Let h(l) = 5916*l - 76905. What is h(13)?
3
Let t(m) = m**3 - 508*m**2 + 1510*m + 2278. Determine t(505).
-247
Let f(l) = -l**3 - 31*l**2 - 164*l - 475. Give f(-25).
-125
Let o(j) = -6303*j + 139384. Calculate o(22).
718
Let w(t) = -69*t**2 + 4415*t - 4416. What is w(1)?
-70
Let v(n) = 107230*n + 4396453. Give v(-41).
23
Let c(g) = g**2 + 112*g - 4799. Calculate c(-143).
-366
Let g(o) = 202*o**2 + o + 6. Determine g(-1).
207
Let y(u) = -22*u**3 + 9*u**2 - 36*u - 101. Calculate y(-3).
682
Let x(h) = 3*h**2 + 1274*h + 16053. Determine x(-13).
-2
Let f(b) = -9237660*b - 27712976. Calculate f(-3).
4
Let n(z) = 24539*z - 3116448. Determine n(127).
5
Let s(o) = -144653*o - 5352101. What is s(-37)?
60
Let x(f) = -f**3 - 198*f**2 + 805*f - 551. Give x(-202).
55
Let z(i) = i**2 - 110889*i + 2106565. Give z(19).
35
Let w(o) = 4*o**2 + 1626*o + 2425. Give w(-405).
-5
Let m(r) = -r**3 + 36*r**2 + 27*r - 5653. Determine m(31).
-11
Let y(n) = 460*n - 6731. Calculate y(19).
2009
Let u(m) = -m**2 - 269*m + 33041. Calculate u(91).
281
Let u(s) = -s**3 - 157*s**2 + 332*s + 2392. Calculate u(-159).
166
Let z(r) = r**2 + 48*r - 10893. Calculate z(-132).
195
Let f(w) = 2*w**2 + 112*w + 1398. Calculate f(-21).
-72
Let q(v) = v**2 - 229*v - 1556. Calculate q(-7).
96
Let u(m) = 162*m + 8945. Calculate u(-52).
521
Let q(s) = -2*s**3 + 21*s**2 + 28779*s - 259177. Determine q(9).
77
Let w(o) = 2*o**2 - 688*o + 50866. Give w(107).
148
Let h(c) = -47*c**2 - 417*c - 1644. Give h(-4).
-728
Let g(j) = -j**3 - 56*j**2 + 713*j - 1722. Give g(-67).
-114
Let g(a) = -11*a**2 + 21*a + 34. What is g(-2)?
-52
Let a(i) = -12*i**3 + 2117*i**2 - 8475*i + 10. Give a(4).
-786
Let d(p) = -2*p**3 - 15*p**2 - 55*p - 16. Give d(-6).
206
Let f(g) = 693*g - 3725. What is f(6)?
433
Let k(u) = 10980*u + 417233. Give k(-38).
-7
Let l(y) = -96*y**2 - 202*y + 203. What is l(1)?
-95
Let k(n) = -n**3 - 272*n**2 - 18213*n - 12104. Give k(-155).
-14
Let r(q) = -2*q**2 - 152*q + 2575. Give r(-90).
55
Let h(c) = 13928*c + 543239. What is h(-39)?
47
Let m(d) = 7970*d - 47894. Give m(6).
-74
Let c(d) = 2*d**2 + 54*d - 427. Determine c(0).
-427
Let m(p) = 324*p**2 + 480*p - 1470. Calculate m(-3).
6
Let o(y) = y**3 + 147*y**2 - 1231*y + 1895. What is o(6)?
17
Let o(u) = 465616*u - 465619. Calculate o(1).
-3
Let m(v) = -12*v**2 + 1736*v + 962. Determine m(145).
382
Let i(y) = -y**3 - 47*y**2 + 3605*y - 83. Calculate i(-88).
181
Let i(o) = 148*o**3 - 3109*o**2 + 7*o + 332. Give i(21).
38
Let f(j) = 19*j**2 + 9247*j + 42902. What is f(-482)?
4
Let o(q) = -190317*q + 6851373. Calculate o(36).
-39
Let v(m) = 103*m**2 + 1440*m - 4309. Give v(3).
938
Let a(o) = 1377*o - 9039. What is a(7)?
600
Let b(d) = d**3 + 388*d**2 - 365*d - 142364. Give b(-388).
-744
Let t(a) = -a**3 - 44*a**2 - 57*a - 482. Give t(-43).
120
Let j(z) = 2*z**3 - 63*z**2 + 23*z + 250. Calculate j(31).
2
Let w(l) = 3*l**3 + 25*l**2 - 535*l + 1397. Determine w(-19).
10
Let d(b) = -10*b**2 + 533*b - 5975. Determine d(37).
56
Let i(m) = -156*m**3 + 5*m**2 + 7*m - 21. Determine i(2).
-1235
Let j(u) = 2*u**3 - 1247*u**2 + 5560*u + 6808. Calculate j(619).
-1
Let s(d) = -2*d**3 + 328*d**2 + 491*d - 26607. Calculate s(165).
-42
Let i(h) = 7*h**2 + 194*h + 1661. Give i(-9).
482
Let j(z) = z**2 - 3600*z + 762526. Calculate j(226).
2
Let m(j) = -1357*j - 325688. Give m(-240).
-8
Let u(p) = 2*p**3 + 21*p**2 + 89*p - 3. What is u(0)?
-3
Let k(d) = 46*d**2 - 23*d - 1430. What is k(6)?
88
Let p(h) = 8336*h - 591870. What is p(71)?
-14
Let i(y) = 447*y - 189984. Determine i(425).
-9
Let v(k) = 11760*k - 14229610. Calculate v(1210).
-10
Let r(f) = -f**3 + 89*f**2 + 181*f + 1753. Give r(91).
1662
Let y(b) = 20188*b + 545091. Give y(-27).
15
Let s(n) = n**3 + 946*n**2 + 6567*n - 42. What is s(-7)?
0
Let b(p) = p**2 - 117*p + 2195. Give b(89).
-297
Let t(j) = -j**3 - 166*j**2 + 83116*j - 1078. Determine t(217).
7
Let q(t) = t**3 - 209*t**2 + 3085*t + 40. Calculate q(16).
-8
Let r(x) = 20*x**3 - 10*x**2 + 62*x - 35. Give r(1).
37
Let y(h) = 559*h + 226381. Determine y(-405).
-14
Let w(s) = 14095*s - 70493. Give w(5).
-18
Let t(n) = -n**3 - 139*n**2 - 589*n - 6646. Give t(-135).
-31
Let r(f) = -4*f**3 + 80*f**2 - 4275*f + 91535. Calculate r(21).
-4
Let s(n) = -n**2 + 173*n - 1254. Calculate s(7).
-92
Let b(z) = -1609*z - 28433. Determine b(-18).
529
Let z(x) = -15*x**3 - 162*x**2 + 219*x - 23. Determine z(-12).
-59
Let z(k) = k**2 + 392*k + 35058. What is z(-138)?
6
Let d(r) = -22270*r + 111404. Give d(5).
54
Let b(c) = -101*c + 4076. What is b(34)?
642
Let k(j) = -319*j + 21662. Give k(68).
-30
Let t(r) = r**2 - 3315*r + 296523. Give t(92).
7
Let v(b) = -121*b + 3777. Determine v(35).
-458
Let r(w) = -418*w - 208023. Give r(-498).
141
Let d(y) = 62*y + 2070. Give d(-33).
24
Let v(z) = z**3 + 130*z**2 - 131*z - 63. Give v(-131).
-63
Let d(n) = n**3 - 783*n**2 - 60638*n - 364. Give d(-71).
-80
Let f(n) = -33029*n - 33043. Determine f(-1).
-14
Let u(k) = -3*k**3 + 7*k**2 - 10*k - 6. What is u(5)?
-256
Let o(g) = -444354*g + 5776610. Determine o(13).
8
Let x(h) = -2*h**3 - h**2 + 34*h - 85. Give x(-7).
314
Let s(m) = -17*m**2 + 29*m + 63. What is s(9)?
-1053
Let h(c) = 13*c + 80. Calculate h(54).
782
Let r(b) = -7*b - 172. Determine r(10).
-242
Let r(y) = -y**2 + 64*y + 2428. What is r(76)?
1516
Let w(j) = -j**3 + 30*j**2 - 220*j + 95. Determine w(14).
151
Let m(c) = -c**3 - 17*c**2 - 55*c - 123. What is m(-14)?
59
Let x(p) = -4*p**2 + 209*p - 142. What is x(55)?
-747
Let c(r) = -42*r**2 + 153*r - 167. Determine c(11).
-3566
Let c(t) = t**2 - 242203*t - 1453250. Determine c(-6).
4
Let h(i) = 6*i**3 - 64*i**2 + 6*i - 307. Give h(11).
1
Let i(w) = 102848*w - 102849. What is i(1)?
-1
Let c(k) = k**3 - 631*k**2 - 2782*k + 153676. Calculate c(635).
6
Let i(n) = -8*n**2 - 228*n + 27830. What is i(-75)?
-70
Let z(b) = 68804*b**2 + 619234*b - 22. Determine z(-9).
-4
Let v(w) = w**3 - 78*w**2 - 97*w + 1423. Determine v(79).
1
Let l(p) = -1546*p - 7623. What is l(-5)?
107
Let x(a) = 4*a**2 - 2*a - 11033. Calculate x(-52).
-113
Let l(m) = 156*m**2 + 12527*m + 3804. Determine l(-80).
44
Let i(q) = -391*q - 2332. What is i(-3)?
-1159
Let n(y) = y**3 + 789*y**2 + 41*y + 32351. What is n(-789)?
2
Let f(n) = 525*n + 21485. What is f(-41)?
-40
Let k(z) = 1075*z + 7373. Determine k(-7).
-152
Let n(a) = -2*a**3 - 46*a**2 + 60*a - 908. Determine n(-26).
1588
Let t(g) = 120269*g - 841833. What is t(7)?
50
Let s(k) = 19*k**2 + 5339*k - 25. Determine s(-281).
-25
Let w(h) = h**3 + 26*h**2 - 2341*h + 19. Determine w(37).
-351
Let t(n) = 143805*n - 2444665. Calculate t(17).
20
Let h(c) = -23*c**3 - 4484*c**2 + 201*c + 1140. What is h(-195)?
-30
Let w(b) = 5*b**2 - 172*b - 6018. Determine w(56).
30
Let o(y) = -49*y**2 + 68*y + 88. Give o(-1).
-29
Let f(d) = 29806*d - 149028. Determine f(5).
2
Let m(f) = -3*f**3 - 146*f**2 - 244*f + 82. Give m(-2).
10
Let c(l) = -56236*l + 2024501. Determine c(36).
5
Let d(o) = -o**3 - 18*o**2 + 343*o + 6226. What is d(-17)?
106
Let l(s) = -3*s**3 - 56*s**2 - 82*s - 663. Give l(-18).
165
Let b(l) = -l**2 - 561*l - 37347. Give b(-77).
-79
Let u(y) = 572*y + 15565. What is u(-29)?
-1023
Let a(b) = -10*b**3 + 16*b**2 - 164*b - 178. Calculate a(-1).
12
Let n(z) = -43714*z - 306620. Determine n(-7).
-622
Let q(d) = -69*d**2 - 1269*d - 1246. Calculate q(-1).
-46
Let a(g) = -g**3 + 522*g**2 - 